{"id":246,"date":"2024-08-05T16:41:51","date_gmt":"2024-08-05T21:41:51","guid":{"rendered":"https:\/\/iecapacitar.edu.co\/?page_id=246"},"modified":"2024-08-05T16:47:18","modified_gmt":"2024-08-05T21:47:18","slug":"nosotros","status":"publish","type":"page","link":"https:\/\/iecapacitar.edu.co\/index.php\/nosotros\/","title":{"rendered":"Nosotros"},"content":{"rendered":"\t\t<div data-elementor-type=\"wp-page\" data-elementor-id=\"246\" class=\"elementor elementor-246\">\n\t\t\t\t\t\t<section class=\"elementor-section elementor-top-section elementor-element elementor-element-7337008 elementor-section-boxed elementor-section-height-default elementor-section-height-default\" data-id=\"7337008\" data-element_type=\"section\">\n\t\t\t\t\t\t<div class=\"elementor-container elementor-column-gap-default\">\n\t\t\t\t\t<div class=\"aux-parallax-section elementor-column elementor-col-66 elementor-top-column elementor-element elementor-element-4ff6e25\" data-id=\"4ff6e25\" data-element_type=\"column\">\n\t\t\t<div class=\"elementor-widget-wrap elementor-element-populated\">\n\t\t\t\t\t\t<div class=\"elementor-element elementor-element-2009feb elementor-widget elementor-widget-text-editor\" data-id=\"2009feb\" data-element_type=\"widget\" data-widget_type=\"text-editor.default\">\n\t\t\t\t<div class=\"elementor-widget-container\">\n\t\t\t\t\t\t\t<p><strong>Sobre Nosotros<\/strong><\/p><p><br \/>Somos una instituci\u00f3n de formaci\u00f3n t\u00e9cnica complementaria y entrenamiento para el trabajo<br \/>Fundamentados en la virtualidad, entendiendo la importancia de las ocupaciones de nuestros estudiantes y llevando hasta su casa educaci\u00f3n de calidad y de f\u00e1cil acceso<\/p><ul><li>Instructores Calificados<\/li><li>Clases 100% Online<\/li><li>Certificados Al Instante<\/li><\/ul>\t\t\t\t\t\t<\/div>\n\t\t\t\t<\/div>\n\t\t\t\t\t<\/div>\n\t\t<\/div>\n\t\t\t\t<div class=\"aux-parallax-section elementor-column elementor-col-33 elementor-top-column elementor-element elementor-element-ff16fda\" data-id=\"ff16fda\" data-element_type=\"column\">\n\t\t\t<div class=\"elementor-widget-wrap elementor-element-populated\">\n\t\t\t\t\t\t<div class=\"elementor-element elementor-element-0e076c4 elementor-widget elementor-widget-image\" data-id=\"0e076c4\" data-element_type=\"widget\" data-widget_type=\"image.default\">\n\t\t\t\t<div class=\"elementor-widget-container\">\n\t\t\t\t\t\t\t\t\t\t\t\t\t<img fetchpriority=\"high\" decoding=\"async\" width=\"1024\" height=\"1024\" src=\"https:\/\/iecapacitar.edu.co\/wp-content\/uploads\/2024\/08\/QUIENES-SOMOS-1-1024x1024.jpg\" class=\"attachment-large size-large wp-image-249\" alt=\"\" srcset=\"https:\/\/iecapacitar.edu.co\/wp-content\/uploads\/2024\/08\/QUIENES-SOMOS-1-1024x1024.jpg 1024w, https:\/\/iecapacitar.edu.co\/wp-content\/uploads\/2024\/08\/QUIENES-SOMOS-1-300x300.jpg 300w, https:\/\/iecapacitar.edu.co\/wp-content\/uploads\/2024\/08\/QUIENES-SOMOS-1-100x100.jpg 100w, https:\/\/iecapacitar.edu.co\/wp-content\/uploads\/2024\/08\/QUIENES-SOMOS-1-600x600.jpg 600w, https:\/\/iecapacitar.edu.co\/wp-content\/uploads\/2024\/08\/QUIENES-SOMOS-1-150x150.jpg 150w, https:\/\/iecapacitar.edu.co\/wp-content\/uploads\/2024\/08\/QUIENES-SOMOS-1-768x768.jpg 768w, https:\/\/iecapacitar.edu.co\/wp-content\/uploads\/2024\/08\/QUIENES-SOMOS-1-200x200.jpg 200w, https:\/\/iecapacitar.edu.co\/wp-content\/uploads\/2024\/08\/QUIENES-SOMOS-1.jpg 1080w\" sizes=\"(max-width: 1024px) 100vw, 1024px\" \/>\t\t\t\t\t\t\t\t\t\t\t\t\t<\/div>\n\t\t\t\t<\/div>\n\t\t\t\t\t<\/div>\n\t\t<\/div>\n\t\t\t\t\t<\/div>\n\t\t<\/section>\n\t\t\t\t<section class=\"elementor-section elementor-top-section elementor-element elementor-element-e3a0585 elementor-section-boxed elementor-section-height-default elementor-section-height-default\" data-id=\"e3a0585\" data-element_type=\"section\">\n\t\t\t\t\t\t<div class=\"elementor-container elementor-column-gap-default\">\n\t\t\t\t\t<div class=\"aux-parallax-section elementor-column elementor-col-33 elementor-top-column elementor-element elementor-element-2f804cf\" data-id=\"2f804cf\" data-element_type=\"column\">\n\t\t\t<div class=\"elementor-widget-wrap elementor-element-populated\">\n\t\t\t\t\t\t<div class=\"elementor-element elementor-element-e7105b9 elementor-widget elementor-widget-image\" data-id=\"e7105b9\" data-element_type=\"widget\" data-widget_type=\"image.default\">\n\t\t\t\t<div class=\"elementor-widget-container\">\n\t\t\t\t\t\t\t\t\t\t\t\t\t<img decoding=\"async\" width=\"500\" height=\"282\" src=\"https:\/\/iecapacitar.edu.co\/wp-content\/uploads\/2024\/08\/mision.png\" class=\"attachment-large size-large wp-image-250\" alt=\"\" srcset=\"https:\/\/iecapacitar.edu.co\/wp-content\/uploads\/2024\/08\/mision.png 500w, https:\/\/iecapacitar.edu.co\/wp-content\/uploads\/2024\/08\/mision-200x113.png 200w\" sizes=\"(max-width: 500px) 100vw, 500px\" \/>\t\t\t\t\t\t\t\t\t\t\t\t\t<\/div>\n\t\t\t\t<\/div>\n\t\t\t\t\t<\/div>\n\t\t<\/div>\n\t\t\t\t<div class=\"aux-parallax-section elementor-column elementor-col-66 elementor-top-column elementor-element elementor-element-ba91d08\" data-id=\"ba91d08\" data-element_type=\"column\">\n\t\t\t<div class=\"elementor-widget-wrap elementor-element-populated\">\n\t\t\t\t\t\t<div class=\"elementor-element elementor-element-e84f568 elementor-widget elementor-widget-text-editor\" data-id=\"e84f568\" data-element_type=\"widget\" data-widget_type=\"text-editor.default\">\n\t\t\t\t<div class=\"elementor-widget-container\">\n\t\t\t\t\t\t\t<p>Brindar informaci\u00f3n t\u00e9cnica, teniendo como base nuestra herencia de valores, la tecnolog\u00eda y los planteamientos acad\u00e9micos impartidos para una educaci\u00f3n de calidad.<\/p><p>Con el objetivo de contribuir al progreso educativo y laboral de todos nuestros estudiantes<\/p>\t\t\t\t\t\t<\/div>\n\t\t\t\t<\/div>\n\t\t\t\t\t<\/div>\n\t\t<\/div>\n\t\t\t\t\t<\/div>\n\t\t<\/section>\n\t\t\t\t<section class=\"elementor-section elementor-top-section elementor-element elementor-element-421f59f elementor-section-boxed elementor-section-height-default elementor-section-height-default\" data-id=\"421f59f\" data-element_type=\"section\">\n\t\t\t\t\t\t<div class=\"elementor-container elementor-column-gap-default\">\n\t\t\t\t\t<div class=\"aux-parallax-section elementor-column elementor-col-66 elementor-top-column elementor-element elementor-element-dc4828e\" data-id=\"dc4828e\" data-element_type=\"column\">\n\t\t\t<div class=\"elementor-widget-wrap elementor-element-populated\">\n\t\t\t\t\t\t<div class=\"elementor-element elementor-element-2f03ece elementor-widget elementor-widget-text-editor\" data-id=\"2f03ece\" data-element_type=\"widget\" data-widget_type=\"text-editor.default\">\n\t\t\t\t<div class=\"elementor-widget-container\">\n\t\t\t\t\t\t\t<p>Seremos una de las mejores instituciones de educaci\u00f3n virtual del pa\u00eds, cumpliendo con todos los requisitos de ley, que desarrollen programas de alta calidad.<\/p><p>Con equipo id\u00f3neo altamente especializado<\/p>\t\t\t\t\t\t<\/div>\n\t\t\t\t<\/div>\n\t\t\t\t\t<\/div>\n\t\t<\/div>\n\t\t\t\t<div class=\"aux-parallax-section elementor-column elementor-col-33 elementor-top-column elementor-element elementor-element-c8997d6\" data-id=\"c8997d6\" data-element_type=\"column\">\n\t\t\t<div class=\"elementor-widget-wrap elementor-element-populated\">\n\t\t\t\t\t\t<div class=\"elementor-element elementor-element-b42935b elementor-widget elementor-widget-image\" data-id=\"b42935b\" data-element_type=\"widget\" data-widget_type=\"image.default\">\n\t\t\t\t<div class=\"elementor-widget-container\">\n\t\t\t\t\t\t\t\t\t\t\t\t\t<img decoding=\"async\" width=\"1024\" height=\"1024\" src=\"https:\/\/iecapacitar.edu.co\/wp-content\/uploads\/2024\/08\/VISION-1024x1024.jpg\" class=\"attachment-large size-large wp-image-251\" alt=\"\" srcset=\"https:\/\/iecapacitar.edu.co\/wp-content\/uploads\/2024\/08\/VISION-1024x1024.jpg 1024w, https:\/\/iecapacitar.edu.co\/wp-content\/uploads\/2024\/08\/VISION-300x300.jpg 300w, https:\/\/iecapacitar.edu.co\/wp-content\/uploads\/2024\/08\/VISION-100x100.jpg 100w, https:\/\/iecapacitar.edu.co\/wp-content\/uploads\/2024\/08\/VISION-150x150.jpg 150w, https:\/\/iecapacitar.edu.co\/wp-content\/uploads\/2024\/08\/VISION-768x768.jpg 768w\" sizes=\"(max-width: 1024px) 100vw, 1024px\" \/>\t\t\t\t\t\t\t\t\t\t\t\t\t<\/div>\n\t\t\t\t<\/div>\n\t\t\t\t\t<\/div>\n\t\t<\/div>\n\t\t\t\t\t<\/div>\n\t\t<\/section>\n\t\t\t\t<\/div>\n\t\t","protected":false},"excerpt":{"rendered":"<p>Sobre Nosotros Somos una instituci\u00f3n de formaci\u00f3n t\u00e9cnica complementaria y entrenamiento para el trabajoFundamentados en la virtualidad, entendiendo la importancia de las ocupaciones de nuestros estudiantes y llevando hasta su casa educaci\u00f3n de calidad y de f\u00e1cil acceso Instructores Calificados Clases 100% Online Certificados Al Instante Brindar informaci\u00f3n t\u00e9cnica, teniendo como base nuestra herencia de [&hellip;]<\/p>\n","protected":false},"author":1,"featured_media":0,"parent":0,"menu_order":0,"comment_status":"closed","ping_status":"closed","template":"","meta":{"footnotes":""},"class_list":["post-246","page","type-page","status-publish","hentry"],"_links":{"self":[{"href":"https:\/\/iecapacitar.edu.co\/index.php\/wp-json\/wp\/v2\/pages\/246","targetHints":{"allow":["GET"]}}],"collection":[{"href":"https:\/\/iecapacitar.edu.co\/index.php\/wp-json\/wp\/v2\/pages"}],"about":[{"href":"https:\/\/iecapacitar.edu.co\/index.php\/wp-json\/wp\/v2\/types\/page"}],"author":[{"embeddable":true,"href":"https:\/\/iecapacitar.edu.co\/index.php\/wp-json\/wp\/v2\/users\/1"}],"replies":[{"embeddable":true,"href":"https:\/\/iecapacitar.edu.co\/index.php\/wp-json\/wp\/v2\/comments?post=246"}],"version-history":[{"count":4,"href":"https:\/\/iecapacitar.edu.co\/index.php\/wp-json\/wp\/v2\/pages\/246\/revisions"}],"predecessor-version":[{"id":254,"href":"https:\/\/iecapacitar.edu.co\/index.php\/wp-json\/wp\/v2\/pages\/246\/revisions\/254"}],"wp:attachment":[{"href":"https:\/\/iecapacitar.edu.co\/index.php\/wp-json\/wp\/v2\/media?parent=246"}],"curies":[{"name":"wp","href":"https:\/\/api.w.org\/{rel}","templated":true}]}}

<div data-elementor-type="wp-page" data-elementor-id="246" class="elementor elementor-246">
						<section class="elementor-section elementor-top-section elementor-element elementor-element-7337008 elementor-section-boxed elementor-section-height-default elementor-section-height-default" data-id="7337008" data-element_type="section">
						<div class="elementor-container elementor-column-gap-default">
					<div class="aux-parallax-section elementor-column elementor-col-66 elementor-top-column elementor-element elementor-element-4ff6e25" data-id="4ff6e25" data-element_type="column">
			<div class="elementor-widget-wrap elementor-element-populated">
						<div class="elementor-element elementor-element-2009feb elementor-widget elementor-widget-text-editor" data-id="2009feb" data-element_type="widget" data-widget_type="text-editor.default">
				<div class="elementor-widget-container">
							<p><strong>Sobre Nosotros</strong></p><p><br />Somos una institución de formación técnica complementaria y entrenamiento para el trabajo<br />Fundamentados en la virtualidad, entendiendo la importancia de las ocupaciones de nuestros estudiantes y llevando hasta su casa educación de calidad y de fácil acceso</p><ul><li>Instructores Calificados</li><li>Clases 100% Online</li><li>Certificados Al Instante</li></ul>						</div>
				</div>
					</div>
		</div>
				<div class="aux-parallax-section elementor-column elementor-col-33 elementor-top-column elementor-element elementor-element-ff16fda" data-id="ff16fda" data-element_type="column">
			<div class="elementor-widget-wrap elementor-element-populated">
						<div class="elementor-element elementor-element-0e076c4 elementor-widget elementor-widget-image" data-id="0e076c4" data-element_type="widget" data-widget_type="image.default">
				<div class="elementor-widget-container">
													<img fetchpriority="high" decoding="async" width="1024" height="1024" src="https://iecapacitar.edu.co/wp-content/uploads/2024/08/QUIENES-SOMOS-1-1024x1024.jpg" class="attachment-large size-large wp-image-249" alt="" srcset="https://iecapacitar.edu.co/wp-content/uploads/2024/08/QUIENES-SOMOS-1-1024x1024.jpg 1024w, https://iecapacitar.edu.co/wp-content/uploads/2024/08/QUIENES-SOMOS-1-300x300.jpg 300w, https://iecapacitar.edu.co/wp-content/uploads/2024/08/QUIENES-SOMOS-1-100x100.jpg 100w, https://iecapacitar.edu.co/wp-content/uploads/2024/08/QUIENES-SOMOS-1-600x600.jpg 600w, https://iecapacitar.edu.co/wp-content/uploads/2024/08/QUIENES-SOMOS-1-150x150.jpg 150w, https://iecapacitar.edu.co/wp-content/uploads/2024/08/QUIENES-SOMOS-1-768x768.jpg 768w, https://iecapacitar.edu.co/wp-content/uploads/2024/08/QUIENES-SOMOS-1-200x200.jpg 200w, https://iecapacitar.edu.co/wp-content/uploads/2024/08/QUIENES-SOMOS-1.jpg 1080w" sizes="(max-width: 1024px) 100vw, 1024px" />													</div>
				</div>
					</div>
		</div>
					</div>
		</section>
				<section class="elementor-section elementor-top-section elementor-element elementor-element-e3a0585 elementor-section-boxed elementor-section-height-default elementor-section-height-default" data-id="e3a0585" data-element_type="section">
						<div class="elementor-container elementor-column-gap-default">
					<div class="aux-parallax-section elementor-column elementor-col-33 elementor-top-column elementor-element elementor-element-2f804cf" data-id="2f804cf" data-element_type="column">
			<div class="elementor-widget-wrap elementor-element-populated">
						<div class="elementor-element elementor-element-e7105b9 elementor-widget elementor-widget-image" data-id="e7105b9" data-element_type="widget" data-widget_type="image.default">
				<div class="elementor-widget-container">
													<img decoding="async" width="500" height="282" src="https://iecapacitar.edu.co/wp-content/uploads/2024/08/mision.png" class="attachment-large size-large wp-image-250" alt="" srcset="https://iecapacitar.edu.co/wp-content/uploads/2024/08/mision.png 500w, https://iecapacitar.edu.co/wp-content/uploads/2024/08/mision-200x113.png 200w" sizes="(max-width: 500px) 100vw, 500px" />													</div>
				</div>
					</div>
		</div>
				<div class="aux-parallax-section elementor-column elementor-col-66 elementor-top-column elementor-element elementor-element-ba91d08" data-id="ba91d08" data-element_type="column">
			<div class="elementor-widget-wrap elementor-element-populated">
						<div class="elementor-element elementor-element-e84f568 elementor-widget elementor-widget-text-editor" data-id="e84f568" data-element_type="widget" data-widget_type="text-editor.default">
				<div class="elementor-widget-container">
							<p>Brindar información técnica, teniendo como base nuestra herencia de valores, la tecnología y los planteamientos académicos impartidos para una educación de calidad.</p><p>Con el objetivo de contribuir al progreso educativo y laboral de todos nuestros estudiantes</p>						</div>
				</div>
					</div>
		</div>
					</div>
		</section>
				<section class="elementor-section elementor-top-section elementor-element elementor-element-421f59f elementor-section-boxed elementor-section-height-default elementor-section-height-default" data-id="421f59f" data-element_type="section">
						<div class="elementor-container elementor-column-gap-default">
					<div class="aux-parallax-section elementor-column elementor-col-66 elementor-top-column elementor-element elementor-element-dc4828e" data-id="dc4828e" data-element_type="column">
			<div class="elementor-widget-wrap elementor-element-populated">
						<div class="elementor-element elementor-element-2f03ece elementor-widget elementor-widget-text-editor" data-id="2f03ece" data-element_type="widget" data-widget_type="text-editor.default">
				<div class="elementor-widget-container">
							<p>Seremos una de las mejores instituciones de educación virtual del país, cumpliendo con todos los requisitos de ley, que desarrollen programas de alta calidad.</p><p>Con equipo idóneo altamente especializado</p>						</div>
				</div>
					</div>
		</div>
				<div class="aux-parallax-section elementor-column elementor-col-33 elementor-top-column elementor-element elementor-element-c8997d6" data-id="c8997d6" data-element_type="column">
			<div class="elementor-widget-wrap elementor-element-populated">
						<div class="elementor-element elementor-element-b42935b elementor-widget elementor-widget-image" data-id="b42935b" data-element_type="widget" data-widget_type="image.default">
				<div class="elementor-widget-container">
													<img decoding="async" width="1024" height="1024" src="https://iecapacitar.edu.co/wp-content/uploads/2024/08/VISION-1024x1024.jpg" class="attachment-large size-large wp-image-251" alt="" srcset="https://iecapacitar.edu.co/wp-content/uploads/2024/08/VISION-1024x1024.jpg 1024w, https://iecapacitar.edu.co/wp-content/uploads/2024/08/VISION-300x300.jpg 300w, https://iecapacitar.edu.co/wp-content/uploads/2024/08/VISION-100x100.jpg 100w, https://iecapacitar.edu.co/wp-content/uploads/2024/08/VISION-150x150.jpg 150w, https://iecapacitar.edu.co/wp-content/uploads/2024/08/VISION-768x768.jpg 768w" sizes="(max-width: 1024px) 100vw, 1024px" />													</div>
				</div>
					</div>
		</div>
					</div>
		</section>
				</div>

<p>Sobre Nosotros Somos una institución de formación técnica complementaria y entrenamiento para el trabajoFundamentados en la virtualidad, entendiendo la importancia de las ocupaciones de nuestros estudiantes y llevando hasta su casa educación de calidad y de fácil acceso Instructores Calificados Clases 100% Online Certificados Al Instante Brindar información técnica, teniendo como base nuestra herencia de [&hellip;]</p>
